{"id":39,"date":"2025-11-21T16:02:12","date_gmt":"2025-11-21T16:02:12","guid":{"rendered":"https:\/\/wohngenossenschafttamins.ch\/wordpress\/?page_id=39"},"modified":"2025-12-21T12:48:48","modified_gmt":"2025-12-21T12:48:48","slug":"unterstuetzen","status":"publish","type":"page","link":"https:\/\/wohngenossenschafttamins.ch\/?page_id=39","title":{"rendered":"Unterst\u00fctzen: gemeinsam bezahlbaren Wohnraum schaffen"},"content":{"rendered":"\n<div class=\"wp-block-group alignfull has-global-padding is-layout-constrained wp-container-core-group-is-layout-4bb49aaa wp-block-group-is-layout-constrained\" style=\"margin-top:0;margin-bottom:0;padding-top:var(--wp--preset--spacing--50);padding-bottom:var(--wp--preset--spacing--50)\">\n<p class=\"wp-block-paragraph\"><\/p>\n\n\n\n<p class=\"wp-block-paragraph\">Die Wohngenossenschaft Tamins lebt von der Idee der Gemeinschaft \u2013 und auch von gemeinsamer Unterst\u00fctzung.<br>Damit wir unsere Vision von sozialem und nachhaltigem Wohnen verwirklichen k\u00f6nnen, sind wir auf Menschen angewiesen, die an diese Idee glauben und sie mittragen m\u00f6chten.<\/p>\n\n\n\n<p class=\"wp-block-paragraph\">Jede Form der Beteiligung hilft, das Projekt weiterzubringen &#8211; dabei gibt es unterschiedliche M\u00f6glichkeiten uns zu Unterst\u00fctzen: als Mitglied, Darlehensgeber*in oder Spender*in.<\/p>\n<\/div>\n\n\n\n<details class=\"wp-block-details is-layout-flow wp-block-details-is-layout-flow\"><summary>Mitglied werden<\/summary>\n<p class=\"wp-block-paragraph\">Ab einem Betrag von <strong>1\u2019000 CHF<\/strong> kannst du Mitglied unserer Genossenschaft werden.<br>Mit deinem Anteil unterst\u00fctzt du nicht nur den Aufbau, sondern wirst Teil unserer Gemeinschaft, die langfristig bezahlbaren Wohnraum schafft.  <\/p>\n\n\n\n<p class=\"wp-block-paragraph\"><strong>Deine Vorteile:<\/strong><\/p>\n\n\n\n<ul class=\"wp-block-list\">\n<li>Beitrag zu einer zukunftsf\u00e4higen Wohnform<\/li>\n\n\n\n<li>Stimmrecht an der Generalversammlung<\/li>\n\n\n\n<li>Transparente Einblicke in die Entwicklung des Projekts<\/li>\n<\/ul>\n<\/details>\n\n\n\n<details class=\"wp-block-details is-layout-flow wp-block-details-is-layout-flow\"><summary>Darlehen geben<\/summary>\n<p class=\"wp-block-paragraph\">Mit einem individuellen Darlehen kannst du unser Projekt finanziell st\u00e4rken \u2013 und erh\u00e4ltst dein Geld nach Ablauf der vereinbarten Laufzeit wieder zur\u00fcck. <\/p>\n\n\n\n<p class=\"wp-block-paragraph\"><strong>Rahmenbedingungen:<\/strong><\/p>\n\n\n\n<ul class=\"wp-block-list\">\n<li>Laufzeit: 1\u201310 Jahre (nach Vereinbarung)<\/li>\n\n\n\n<li>Zinssatz: 0 % \u2013 1 % p.a.<\/li>\n\n\n\n<li>K\u00fcndigungsfrist: individuell festgelegt<\/li>\n<\/ul>\n<\/details>\n\n\n\n<details class=\"wp-block-details is-layout-flow wp-block-details-is-layout-flow\"><summary>Spenden<\/summary>\n<p class=\"wp-block-paragraph\">Auch kleinere Betr\u00e4ge helfen uns, die Umbaukosten zu stemmen und die gemeinschaftlichen Bereiche zu gestalten \u2013 vom Garten \u00fcber die K\u00fcche bis zu den Begegnungsr\u00e4umen.<\/p>\n<\/details>\n\n\n\n<details class=\"wp-block-details is-layout-flow wp-block-details-is-layout-flow\"><summary>Weitersagen<\/summary>\n<p class=\"wp-block-paragraph\">Nicht jede Unterst\u00fctzung muss finanziell sein \u2013 schon das Erz\u00e4hlen \u00fcber unser Projekt hilft enorm.<br>Wenn du unsere Idee gut findest, erz\u00e4hle anderen davon: Freund*innen, Kolleg*innen, Nachbar*innen oder Menschen, die vielleicht selbst Interesse an gemeinschaftlichem Wohnen haben.<\/p>\n\n\n\n<p class=\"wp-block-paragraph\">Du kannst uns helfen, bekannter zu werden, indem du:<\/p>\n\n\n\n<ul class=\"wp-block-list\">\n<li>unseren Flyer oder das Dossier weiterleitest<\/li>\n\n\n\n<li>den Link zu unserer Website teilst<\/li>\n\n\n\n<li>uns in lokalen Netzwerken oder Vereinen erw\u00e4hnst<\/li>\n\n\n\n<li>oder Menschen auf uns aufmerksam machst, die sich beteiligen m\u00f6chten<\/li>\n<\/ul>\n<\/details>\n\n\n\n<p class=\"wp-block-paragraph\"><\/p>\n","protected":false},"excerpt":{"rendered":"<p>Die Wohngenossenschaft Tamins lebt von der Idee der Gemeinschaft \u2013 und auch von gemeinsamer Unterst\u00fctzung.Damit wir unsere Vision von sozialem und nachhaltigem Wohnen verwirklichen k\u00f6nnen, sind wir auf Menschen angewiesen, die an diese Idee glauben und sie mittragen m\u00f6chten. Jede Form der Beteiligung hilft, das Projekt weiterzubringen &#8211; dabei gibt es unterschiedliche M\u00f6glichkeiten uns zu [&hellip;]<\/p>\n","protected":false},"author":1,"featured_media":0,"parent":0,"menu_order":0,"comment_status":"closed","ping_status":"closed","template":"","meta":{"footnotes":""},"class_list":["post-39","page","type-page","status-publish","hentry"],"yoast_head":"<!-- This site is optimized with the Yoast SEO plugin v28.4 - https:\/\/yoast.com\/product\/yoast-seo-wordpress\/ -->\n<title>Unterst\u00fctzen: gemeinsam bezahlbaren Wohnraum schaffen - Wohngenossenschaft Tamins<\/title>\n<meta name=\"robots\" content=\"noindex, follow, max-snippet:-1, max-image-preview:large, max-video-preview:-1\" \/>\n<meta property=\"og:locale\" content=\"de_DE\" \/>\n<meta property=\"og:type\" content=\"article\" \/>\n<meta property=\"og:title\" content=\"Unterst\u00fctzen: gemeinsam bezahlbaren Wohnraum schaffen - Wohngenossenschaft Tamins\" \/>\n<meta property=\"og:description\" content=\"Die Wohngenossenschaft Tamins lebt von der Idee der Gemeinschaft \u2013 und auch von gemeinsamer Unterst\u00fctzung.Damit wir unsere Vision von sozialem und nachhaltigem Wohnen verwirklichen k\u00f6nnen, sind wir auf Menschen angewiesen, die an diese Idee glauben und sie mittragen m\u00f6chten. Jede Form der Beteiligung hilft, das Projekt weiterzubringen &#8211; dabei gibt es unterschiedliche M\u00f6glichkeiten uns zu [&hellip;]\" \/>\n<meta property=\"og:url\" content=\"https:\/\/wohngenossenschafttamins.ch\/?page_id=39\" \/>\n<meta property=\"og:site_name\" content=\"Wohngenossenschaft Tamins\" \/>\n<meta property=\"article:modified_time\" content=\"2025-12-21T12:48:48+00:00\" \/>\n<meta name=\"twitter:card\" content=\"summary_large_image\" \/>\n<meta name=\"twitter:label1\" content=\"Gesch\u00e4tzte Lesezeit\" \/>\n\t<meta name=\"twitter:data1\" content=\"2\u00a0Minuten\" \/>\n<script type=\"application\/ld+json\" class=\"yoast-schema-graph\">{\"@context\":\"https:\\\/\\\/schema.org\",\"@graph\":[{\"@type\":\"WebPage\",\"@id\":\"https:\\\/\\\/wohngenossenschafttamins.ch\\\/?page_id=39\",\"url\":\"https:\\\/\\\/wohngenossenschafttamins.ch\\\/?page_id=39\",\"name\":\"Unterst\u00fctzen: gemeinsam bezahlbaren Wohnraum schaffen - Wohngenossenschaft Tamins\",\"isPartOf\":{\"@id\":\"https:\\\/\\\/wohngenossenschafttamins.ch\\\/#website\"},\"datePublished\":\"2025-11-21T16:02:12+00:00\",\"dateModified\":\"2025-12-21T12:48:48+00:00\",\"breadcrumb\":{\"@id\":\"https:\\\/\\\/wohngenossenschafttamins.ch\\\/?page_id=39#breadcrumb\"},\"inLanguage\":\"de-CH\",\"potentialAction\":[{\"@type\":\"ReadAction\",\"target\":[\"https:\\\/\\\/wohngenossenschafttamins.ch\\\/?page_id=39\"]}]},{\"@type\":\"BreadcrumbList\",\"@id\":\"https:\\\/\\\/wohngenossenschafttamins.ch\\\/?page_id=39#breadcrumb\",\"itemListElement\":[{\"@type\":\"ListItem\",\"position\":1,\"name\":\"Home\",\"item\":\"https:\\\/\\\/wohngenossenschafttamins.ch\\\/\"},{\"@type\":\"ListItem\",\"position\":2,\"name\":\"Unterst\u00fctzen: gemeinsam bezahlbaren Wohnraum schaffen\"}]},{\"@type\":\"WebSite\",\"@id\":\"https:\\\/\\\/wohngenossenschafttamins.ch\\\/#website\",\"url\":\"https:\\\/\\\/wohngenossenschafttamins.ch\\\/\",\"name\":\"Wohngenossenschaft Tamins\",\"description\":\"Gemeinschaftliches Wohnprojekt im Herzen Graub\u00fcndens\",\"publisher\":{\"@id\":\"https:\\\/\\\/wohngenossenschafttamins.ch\\\/#organization\"},\"potentialAction\":[{\"@type\":\"SearchAction\",\"target\":{\"@type\":\"EntryPoint\",\"urlTemplate\":\"https:\\\/\\\/wohngenossenschafttamins.ch\\\/?s={search_term_string}\"},\"query-input\":{\"@type\":\"PropertyValueSpecification\",\"valueRequired\":true,\"valueName\":\"search_term_string\"}}],\"inLanguage\":\"de-CH\"},{\"@type\":\"Organization\",\"@id\":\"https:\\\/\\\/wohngenossenschafttamins.ch\\\/#organization\",\"name\":\"Wohngenossenschaft Tamins\",\"url\":\"https:\\\/\\\/wohngenossenschafttamins.ch\\\/\",\"logo\":{\"@type\":\"ImageObject\",\"inLanguage\":\"de-CH\",\"@id\":\"https:\\\/\\\/wohngenossenschafttamins.ch\\\/#\\\/schema\\\/logo\\\/image\\\/\",\"url\":\"https:\\\/\\\/wohngenossenschafttamins.ch\\\/wp-content\\\/uploads\\\/2025\\\/11\\\/cropped-2024-09_Logo_gelb_schwarz.png\",\"contentUrl\":\"https:\\\/\\\/wohngenossenschafttamins.ch\\\/wp-content\\\/uploads\\\/2025\\\/11\\\/cropped-2024-09_Logo_gelb_schwarz.png\",\"width\":512,\"height\":512,\"caption\":\"Wohngenossenschaft Tamins\"},\"image\":{\"@id\":\"https:\\\/\\\/wohngenossenschafttamins.ch\\\/#\\\/schema\\\/logo\\\/image\\\/\"}}]}<\/script>\n<!-- \/ Yoast SEO plugin. -->","yoast_head_json":{"title":"Unterst\u00fctzen: gemeinsam bezahlbaren Wohnraum schaffen - Wohngenossenschaft Tamins","robots":{"index":"noindex","follow":"follow","max-snippet":"max-snippet:-1","max-image-preview":"max-image-preview:large","max-video-preview":"max-video-preview:-1"},"og_locale":"de_DE","og_type":"article","og_title":"Unterst\u00fctzen: gemeinsam bezahlbaren Wohnraum schaffen - Wohngenossenschaft Tamins","og_description":"Die Wohngenossenschaft Tamins lebt von der Idee der Gemeinschaft \u2013 und auch von gemeinsamer Unterst\u00fctzung.Damit wir unsere Vision von sozialem und nachhaltigem Wohnen verwirklichen k\u00f6nnen, sind wir auf Menschen angewiesen, die an diese Idee glauben und sie mittragen m\u00f6chten. Jede Form der Beteiligung hilft, das Projekt weiterzubringen &#8211; dabei gibt es unterschiedliche M\u00f6glichkeiten uns zu [&hellip;]","og_url":"https:\/\/wohngenossenschafttamins.ch\/?page_id=39","og_site_name":"Wohngenossenschaft Tamins","article_modified_time":"2025-12-21T12:48:48+00:00","twitter_card":"summary_large_image","twitter_misc":{"Gesch\u00e4tzte Lesezeit":"2\u00a0Minuten"},"schema":{"@context":"https:\/\/schema.org","@graph":[{"@type":"WebPage","@id":"https:\/\/wohngenossenschafttamins.ch\/?page_id=39","url":"https:\/\/wohngenossenschafttamins.ch\/?page_id=39","name":"Unterst\u00fctzen: gemeinsam bezahlbaren Wohnraum schaffen - Wohngenossenschaft Tamins","isPartOf":{"@id":"https:\/\/wohngenossenschafttamins.ch\/#website"},"datePublished":"2025-11-21T16:02:12+00:00","dateModified":"2025-12-21T12:48:48+00:00","breadcrumb":{"@id":"https:\/\/wohngenossenschafttamins.ch\/?page_id=39#breadcrumb"},"inLanguage":"de-CH","potentialAction":[{"@type":"ReadAction","target":["https:\/\/wohngenossenschafttamins.ch\/?page_id=39"]}]},{"@type":"BreadcrumbList","@id":"https:\/\/wohngenossenschafttamins.ch\/?page_id=39#breadcrumb","itemListElement":[{"@type":"ListItem","position":1,"name":"Home","item":"https:\/\/wohngenossenschafttamins.ch\/"},{"@type":"ListItem","position":2,"name":"Unterst\u00fctzen: gemeinsam bezahlbaren Wohnraum schaffen"}]},{"@type":"WebSite","@id":"https:\/\/wohngenossenschafttamins.ch\/#website","url":"https:\/\/wohngenossenschafttamins.ch\/","name":"Wohngenossenschaft Tamins","description":"Gemeinschaftliches Wohnprojekt im Herzen Graub\u00fcndens","publisher":{"@id":"https:\/\/wohngenossenschafttamins.ch\/#organization"},"potentialAction":[{"@type":"SearchAction","target":{"@type":"EntryPoint","urlTemplate":"https:\/\/wohngenossenschafttamins.ch\/?s={search_term_string}"},"query-input":{"@type":"PropertyValueSpecification","valueRequired":true,"valueName":"search_term_string"}}],"inLanguage":"de-CH"},{"@type":"Organization","@id":"https:\/\/wohngenossenschafttamins.ch\/#organization","name":"Wohngenossenschaft Tamins","url":"https:\/\/wohngenossenschafttamins.ch\/","logo":{"@type":"ImageObject","inLanguage":"de-CH","@id":"https:\/\/wohngenossenschafttamins.ch\/#\/schema\/logo\/image\/","url":"https:\/\/wohngenossenschafttamins.ch\/wp-content\/uploads\/2025\/11\/cropped-2024-09_Logo_gelb_schwarz.png","contentUrl":"https:\/\/wohngenossenschafttamins.ch\/wp-content\/uploads\/2025\/11\/cropped-2024-09_Logo_gelb_schwarz.png","width":512,"height":512,"caption":"Wohngenossenschaft Tamins"},"image":{"@id":"https:\/\/wohngenossenschafttamins.ch\/#\/schema\/logo\/image\/"}}]}},"_links":{"self":[{"href":"https:\/\/wohngenossenschafttamins.ch\/index.php?rest_route=\/wp\/v2\/pages\/39","targetHints":{"allow":["GET"]}}],"collection":[{"href":"https:\/\/wohngenossenschafttamins.ch\/index.php?rest_route=\/wp\/v2\/pages"}],"about":[{"href":"https:\/\/wohngenossenschafttamins.ch\/index.php?rest_route=\/wp\/v2\/types\/page"}],"author":[{"embeddable":true,"href":"https:\/\/wohngenossenschafttamins.ch\/index.php?rest_route=\/wp\/v2\/users\/1"}],"replies":[{"embeddable":true,"href":"https:\/\/wohngenossenschafttamins.ch\/index.php?rest_route=%2Fwp%2Fv2%2Fcomments&post=39"}],"version-history":[{"count":4,"href":"https:\/\/wohngenossenschafttamins.ch\/index.php?rest_route=\/wp\/v2\/pages\/39\/revisions"}],"predecessor-version":[{"id":371,"href":"https:\/\/wohngenossenschafttamins.ch\/index.php?rest_route=\/wp\/v2\/pages\/39\/revisions\/371"}],"wp:attachment":[{"href":"https:\/\/wohngenossenschafttamins.ch\/index.php?rest_route=%2Fwp%2Fv2%2Fmedia&parent=39"}],"curies":[{"name":"wp","href":"https:\/\/api.w.org\/{rel}","templated":true}]}}

Unterstützen: gemeinsam bezahlbaren Wohnraum schaffen

<div class="wp-block-group alignfull has-global-padding is-layout-constrained wp-container-core-group-is-layout-4bb49aaa wp-block-group-is-layout-constrained" style="margin-top:0;margin-bottom:0;padding-top:var(--wp--preset--spacing--50);padding-bottom:var(--wp--preset--spacing--50)">
<p class="wp-block-paragraph"></p>



<p class="wp-block-paragraph">Die Wohngenossenschaft Tamins lebt von der Idee der Gemeinschaft – und auch von gemeinsamer Unterstützung.<br>Damit wir unsere Vision von sozialem und nachhaltigem Wohnen verwirklichen können, sind wir auf Menschen angewiesen, die an diese Idee glauben und sie mittragen möchten.</p>



<p class="wp-block-paragraph">Jede Form der Beteiligung hilft, das Projekt weiterzubringen &#8211; dabei gibt es unterschiedliche Möglichkeiten uns zu Unterstützen: als Mitglied, Darlehensgeber*in oder Spender*in.</p>
</div>



<details class="wp-block-details is-layout-flow wp-block-details-is-layout-flow"><summary>Mitglied werden</summary>
<p class="wp-block-paragraph">Ab einem Betrag von <strong>1’000 CHF</strong> kannst du Mitglied unserer Genossenschaft werden.<br>Mit deinem Anteil unterstützt du nicht nur den Aufbau, sondern wirst Teil unserer Gemeinschaft, die langfristig bezahlbaren Wohnraum schafft.  </p>



<p class="wp-block-paragraph"><strong>Deine Vorteile:</strong></p>



<ul class="wp-block-list">
<li>Beitrag zu einer zukunftsfähigen Wohnform</li>



<li>Stimmrecht an der Generalversammlung</li>



<li>Transparente Einblicke in die Entwicklung des Projekts</li>
</ul>
</details>



<details class="wp-block-details is-layout-flow wp-block-details-is-layout-flow"><summary>Darlehen geben</summary>
<p class="wp-block-paragraph">Mit einem individuellen Darlehen kannst du unser Projekt finanziell stärken – und erhältst dein Geld nach Ablauf der vereinbarten Laufzeit wieder zurück. </p>



<p class="wp-block-paragraph"><strong>Rahmenbedingungen:</strong></p>



<ul class="wp-block-list">
<li>Laufzeit: 1–10 Jahre (nach Vereinbarung)</li>



<li>Zinssatz: 0 % – 1 % p.a.</li>



<li>Kündigungsfrist: individuell festgelegt</li>
</ul>
</details>



<details class="wp-block-details is-layout-flow wp-block-details-is-layout-flow"><summary>Spenden</summary>
<p class="wp-block-paragraph">Auch kleinere Beträge helfen uns, die Umbaukosten zu stemmen und die gemeinschaftlichen Bereiche zu gestalten – vom Garten über die Küche bis zu den Begegnungsräumen.</p>
</details>



<details class="wp-block-details is-layout-flow wp-block-details-is-layout-flow"><summary>Weitersagen</summary>
<p class="wp-block-paragraph">Nicht jede Unterstützung muss finanziell sein – schon das Erzählen über unser Projekt hilft enorm.<br>Wenn du unsere Idee gut findest, erzähle anderen davon: Freund*innen, Kolleg*innen, Nachbar*innen oder Menschen, die vielleicht selbst Interesse an gemeinschaftlichem Wohnen haben.</p>



<p class="wp-block-paragraph">Du kannst uns helfen, bekannter zu werden, indem du:</p>



<ul class="wp-block-list">
<li>unseren Flyer oder das Dossier weiterleitest</li>



<li>den Link zu unserer Website teilst</li>



<li>uns in lokalen Netzwerken oder Vereinen erwähnst</li>



<li>oder Menschen auf uns aufmerksam machst, die sich beteiligen möchten</li>
</ul>
</details>



<p class="wp-block-paragraph"></p>

<p>Die Wohngenossenschaft Tamins lebt von der Idee der Gemeinschaft – und auch von gemeinsamer Unterstützung.Damit wir unsere Vision von sozialem und nachhaltigem Wohnen verwirklichen können, sind wir auf Menschen angewiesen, die an diese Idee glauben und sie mittragen möchten. Jede Form der Beteiligung hilft, das Projekt weiterzubringen &#8211; dabei gibt es unterschiedliche Möglichkeiten uns zu [&hellip;]</p>

<!-- This site is optimized with the Yoast SEO plugin v28.4 - https://yoast.com/product/yoast-seo-wordpress/ -->
<title>Unterstützen: gemeinsam bezahlbaren Wohnraum schaffen - Wohngenossenschaft Tamins</title>
<meta name="robots" content="noindex, follow, max-snippet:-1, max-image-preview:large, max-video-preview:-1" />
<meta property="og:locale" content="de_DE" />
<meta property="og:type" content="article" />
<meta property="og:title" content="Unterstützen: gemeinsam bezahlbaren Wohnraum schaffen - Wohngenossenschaft Tamins" />
<meta property="og:description" content="Die Wohngenossenschaft Tamins lebt von der Idee der Gemeinschaft – und auch von gemeinsamer Unterstützung.Damit wir unsere Vision von sozialem und nachhaltigem Wohnen verwirklichen können, sind wir auf Menschen angewiesen, die an diese Idee glauben und sie mittragen möchten. Jede Form der Beteiligung hilft, das Projekt weiterzubringen &#8211; dabei gibt es unterschiedliche Möglichkeiten uns zu [&hellip;]" />
<meta property="og:url" content="https://wohngenossenschafttamins.ch/?page_id=39" />
<meta property="og:site_name" content="Wohngenossenschaft Tamins" />
<meta property="article:modified_time" content="2025-12-21T12:48:48+00:00" />
<meta name="twitter:card" content="summary_large_image" />
<meta name="twitter:label1" content="Geschätzte Lesezeit" />
	<meta name="twitter:data1" content="2 Minuten" />
<script type="application/ld+json" class="yoast-schema-graph">{"@context":"https:\/\/schema.org","@graph":[{"@type":"WebPage","@id":"https:\/\/wohngenossenschafttamins.ch\/?page_id=39","url":"https:\/\/wohngenossenschafttamins.ch\/?page_id=39","name":"Unterstützen: gemeinsam bezahlbaren Wohnraum schaffen - Wohngenossenschaft Tamins","isPartOf":{"@id":"https:\/\/wohngenossenschafttamins.ch\/#website"},"datePublished":"2025-11-21T16:02:12+00:00","dateModified":"2025-12-21T12:48:48+00:00","breadcrumb":{"@id":"https:\/\/wohngenossenschafttamins.ch\/?page_id=39#breadcrumb"},"inLanguage":"de-CH","potentialAction":[{"@type":"ReadAction","target":["https:\/\/wohngenossenschafttamins.ch\/?page_id=39"]}]},{"@type":"BreadcrumbList","@id":"https:\/\/wohngenossenschafttamins.ch\/?page_id=39#breadcrumb","itemListElement":[{"@type":"ListItem","position":1,"name":"Home","item":"https:\/\/wohngenossenschafttamins.ch\/"},{"@type":"ListItem","position":2,"name":"Unterstützen: gemeinsam bezahlbaren Wohnraum schaffen"}]},{"@type":"WebSite","@id":"https:\/\/wohngenossenschafttamins.ch\/#website","url":"https:\/\/wohngenossenschafttamins.ch\/","name":"Wohngenossenschaft Tamins","description":"Gemeinschaftliches Wohnprojekt im Herzen Graubündens","publisher":{"@id":"https:\/\/wohngenossenschafttamins.ch\/#organization"},"potentialAction":[{"@type":"SearchAction","target":{"@type":"EntryPoint","urlTemplate":"https:\/\/wohngenossenschafttamins.ch\/?s={search_term_string}"},"query-input":{"@type":"PropertyValueSpecification","valueRequired":true,"valueName":"search_term_string"}}],"inLanguage":"de-CH"},{"@type":"Organization","@id":"https:\/\/wohngenossenschafttamins.ch\/#organization","name":"Wohngenossenschaft Tamins","url":"https:\/\/wohngenossenschafttamins.ch\/","logo":{"@type":"ImageObject","inLanguage":"de-CH","@id":"https:\/\/wohngenossenschafttamins.ch\/#\/schema\/logo\/image\/","url":"https:\/\/wohngenossenschafttamins.ch\/wp-content\/uploads\/2025\/11\/cropped-2024-09_Logo_gelb_schwarz.png","contentUrl":"https:\/\/wohngenossenschafttamins.ch\/wp-content\/uploads\/2025\/11\/cropped-2024-09_Logo_gelb_schwarz.png","width":512,"height":512,"caption":"Wohngenossenschaft Tamins"},"image":{"@id":"https:\/\/wohngenossenschafttamins.ch\/#\/schema\/logo\/image\/"}}]}</script>
<!-- / Yoast SEO plugin. -->

Unterstützen: gemeinsam bezahlbaren Wohnraum schaffen - Wohngenossenschaft Tamins

Die Wohngenossenschaft Tamins lebt von der Idee der Gemeinschaft – und auch von gemeinsamer Unterstützung.Damit wir unsere Vision von sozialem und nachhaltigem Wohnen verwirklichen können, sind wir auf Menschen angewiesen, die an diese Idee glauben und sie mittragen möchten. Jede Form der Beteiligung hilft, das Projekt weiterzubringen &#8211; dabei gibt es unterschiedliche Möglichkeiten uns zu [&hellip;]

Gemeinschaftliches Wohnprojekt im Herzen Graubündens
