{"id":219,"date":"2025-11-21T16:40:47","date_gmt":"2025-11-21T16:40:47","guid":{"rendered":"https:\/\/wohngenossenschafttamins.ch\/wordpress\/?page_id=219"},"modified":"2025-12-21T12:56:21","modified_gmt":"2025-12-21T12:56:21","slug":"ueber-uns","status":"publish","type":"page","link":"https:\/\/wohngenossenschafttamins.ch\/?page_id=219","title":{"rendered":"\u00dcber uns"},"content":{"rendered":"\n<p class=\"wp-block-paragraph\">Die Wohngenossenschaft Tamins entsteht aus dem Wunsch nach einem gemeinschaftlichen, nachhaltigen und bezahlbaren Wohnort inmitten der B\u00fcndner Berge. Wir m\u00f6chten einen Ort schaffen, in welchem Menschen Verantwortung teilen und sich gegenseitig unterst\u00fctzen. Unser Projekt ist gemeinn\u00fctzig, nicht profitorientiert und tr\u00e4gt dazu bei, sozialen, bezahlbaren Wohnraum in einer Region zu sichern, die zunehmend von Zweitwohnungen gepr\u00e4gt ist.<\/p>\n\n\n\n<figure class=\"wp-block-image size-full\"><img loading=\"lazy\" decoding=\"async\" width=\"1920\" height=\"2560\" src=\"https:\/\/wohngenossenschafttamins.ch\/wp-content\/uploads\/2025\/11\/IMG_0284-2-scaled.jpg\" alt=\"\" class=\"wp-image-264\" srcset=\"https:\/\/wohngenossenschafttamins.ch\/wp-content\/uploads\/2025\/11\/IMG_0284-2-scaled.jpg 1920w, https:\/\/wohngenossenschafttamins.ch\/wp-content\/uploads\/2025\/11\/IMG_0284-2-225x300.jpg 225w\" sizes=\"auto, (max-width: 1920px) 100vw, 1920px\" \/><\/figure>\n\n\n\n<p class=\"wp-block-paragraph\">2024 haben wir zu siebt die Genossenschaft gegr\u00fcndet und im Anschluss die Liegenschaft an der Obergasse erworben. Diese sieben Personen bilden den aktuellen Vorstand und die Kerngruppe des Projektes. Sie besteht aus Menschen mit unterschiedlichen Hintergr\u00fcnden \u2013 von Sozialer Arbeit \u00fcber Tourismus und Raumplanung bis hin zu Handwerk und Sport. Uns verbindet die Freude am Miteinander, die Leidenschaft f\u00fcr die Bergwelt und der Wunsch, einen Beitrag f\u00fcr Tamins und die Region zu leisten.<br>Die Wohngenossenschaft wird von einer breiten Gemeinschaft von aktuell \u00fcber 20 Genossenschaftsmitgliedern und Unterst\u00fctzer*innen mitgetragen. Ohne diese k\u00f6nnte dieses Projekt nicht existieren.<\/p>\n\n\n\n<p class=\"wp-block-paragraph\"><\/p>\n","protected":false},"excerpt":{"rendered":"<p>Die Wohngenossenschaft Tamins entsteht aus dem Wunsch nach einem gemeinschaftlichen, nachhaltigen und bezahlbaren Wohnort inmitten der B\u00fcndner Berge. Wir m\u00f6chten einen Ort schaffen, in welchem Menschen Verantwortung teilen und sich gegenseitig unterst\u00fctzen. Unser Projekt ist gemeinn\u00fctzig, nicht profitorientiert und tr\u00e4gt dazu bei, sozialen, bezahlbaren Wohnraum in einer Region zu sichern, die zunehmend von Zweitwohnungen gepr\u00e4gt [&hellip;]<\/p>\n","protected":false},"author":1,"featured_media":0,"parent":0,"menu_order":0,"comment_status":"closed","ping_status":"closed","template":"","meta":{"footnotes":""},"class_list":["post-219","page","type-page","status-publish","hentry"],"yoast_head":"<!-- This site is optimized with the Yoast SEO plugin v28.4 - https:\/\/yoast.com\/product\/yoast-seo-wordpress\/ -->\n<title>\u00dcber uns - Wohngenossenschaft Tamins<\/title>\n<meta name=\"robots\" content=\"noindex, follow, max-snippet:-1, max-image-preview:large, max-video-preview:-1\" \/>\n<meta property=\"og:locale\" content=\"de_DE\" \/>\n<meta property=\"og:type\" content=\"article\" \/>\n<meta property=\"og:title\" content=\"\u00dcber uns - Wohngenossenschaft Tamins\" \/>\n<meta property=\"og:description\" content=\"Die Wohngenossenschaft Tamins entsteht aus dem Wunsch nach einem gemeinschaftlichen, nachhaltigen und bezahlbaren Wohnort inmitten der B\u00fcndner Berge. Wir m\u00f6chten einen Ort schaffen, in welchem Menschen Verantwortung teilen und sich gegenseitig unterst\u00fctzen. Unser Projekt ist gemeinn\u00fctzig, nicht profitorientiert und tr\u00e4gt dazu bei, sozialen, bezahlbaren Wohnraum in einer Region zu sichern, die zunehmend von Zweitwohnungen gepr\u00e4gt [&hellip;]\" \/>\n<meta property=\"og:url\" content=\"https:\/\/wohngenossenschafttamins.ch\/?page_id=219\" \/>\n<meta property=\"og:site_name\" content=\"Wohngenossenschaft Tamins\" \/>\n<meta property=\"article:modified_time\" content=\"2025-12-21T12:56:21+00:00\" \/>\n<meta property=\"og:image\" content=\"https:\/\/wohngenossenschafttamins.ch\/wp-content\/uploads\/2025\/11\/IMG_0284-2-scaled.jpg\" \/>\n<meta name=\"twitter:card\" content=\"summary_large_image\" \/>\n<meta name=\"twitter:label1\" content=\"Gesch\u00e4tzte Lesezeit\" \/>\n\t<meta name=\"twitter:data1\" content=\"2\u00a0Minuten\" \/>\n<script type=\"application\/ld+json\" class=\"yoast-schema-graph\">{\"@context\":\"https:\\\/\\\/schema.org\",\"@graph\":[{\"@type\":\"WebPage\",\"@id\":\"https:\\\/\\\/wohngenossenschafttamins.ch\\\/?page_id=219\",\"url\":\"https:\\\/\\\/wohngenossenschafttamins.ch\\\/?page_id=219\",\"name\":\"\u00dcber uns - Wohngenossenschaft Tamins\",\"isPartOf\":{\"@id\":\"https:\\\/\\\/wohngenossenschafttamins.ch\\\/#website\"},\"primaryImageOfPage\":{\"@id\":\"https:\\\/\\\/wohngenossenschafttamins.ch\\\/?page_id=219#primaryimage\"},\"image\":{\"@id\":\"https:\\\/\\\/wohngenossenschafttamins.ch\\\/?page_id=219#primaryimage\"},\"thumbnailUrl\":\"https:\\\/\\\/wohngenossenschafttamins.ch\\\/wp-content\\\/uploads\\\/2025\\\/11\\\/IMG_0284-2-scaled.jpg\",\"datePublished\":\"2025-11-21T16:40:47+00:00\",\"dateModified\":\"2025-12-21T12:56:21+00:00\",\"breadcrumb\":{\"@id\":\"https:\\\/\\\/wohngenossenschafttamins.ch\\\/?page_id=219#breadcrumb\"},\"inLanguage\":\"de-CH\",\"potentialAction\":[{\"@type\":\"ReadAction\",\"target\":[\"https:\\\/\\\/wohngenossenschafttamins.ch\\\/?page_id=219\"]}]},{\"@type\":\"ImageObject\",\"inLanguage\":\"de-CH\",\"@id\":\"https:\\\/\\\/wohngenossenschafttamins.ch\\\/?page_id=219#primaryimage\",\"url\":\"https:\\\/\\\/wohngenossenschafttamins.ch\\\/wp-content\\\/uploads\\\/2025\\\/11\\\/IMG_0284-2-scaled.jpg\",\"contentUrl\":\"https:\\\/\\\/wohngenossenschafttamins.ch\\\/wp-content\\\/uploads\\\/2025\\\/11\\\/IMG_0284-2-scaled.jpg\",\"width\":1920,\"height\":2560},{\"@type\":\"BreadcrumbList\",\"@id\":\"https:\\\/\\\/wohngenossenschafttamins.ch\\\/?page_id=219#breadcrumb\",\"itemListElement\":[{\"@type\":\"ListItem\",\"position\":1,\"name\":\"Home\",\"item\":\"https:\\\/\\\/wohngenossenschafttamins.ch\\\/\"},{\"@type\":\"ListItem\",\"position\":2,\"name\":\"\u00dcber uns\"}]},{\"@type\":\"WebSite\",\"@id\":\"https:\\\/\\\/wohngenossenschafttamins.ch\\\/#website\",\"url\":\"https:\\\/\\\/wohngenossenschafttamins.ch\\\/\",\"name\":\"Wohngenossenschaft Tamins\",\"description\":\"Gemeinschaftliches Wohnprojekt im Herzen Graub\u00fcndens\",\"publisher\":{\"@id\":\"https:\\\/\\\/wohngenossenschafttamins.ch\\\/#organization\"},\"potentialAction\":[{\"@type\":\"SearchAction\",\"target\":{\"@type\":\"EntryPoint\",\"urlTemplate\":\"https:\\\/\\\/wohngenossenschafttamins.ch\\\/?s={search_term_string}\"},\"query-input\":{\"@type\":\"PropertyValueSpecification\",\"valueRequired\":true,\"valueName\":\"search_term_string\"}}],\"inLanguage\":\"de-CH\"},{\"@type\":\"Organization\",\"@id\":\"https:\\\/\\\/wohngenossenschafttamins.ch\\\/#organization\",\"name\":\"Wohngenossenschaft Tamins\",\"url\":\"https:\\\/\\\/wohngenossenschafttamins.ch\\\/\",\"logo\":{\"@type\":\"ImageObject\",\"inLanguage\":\"de-CH\",\"@id\":\"https:\\\/\\\/wohngenossenschafttamins.ch\\\/#\\\/schema\\\/logo\\\/image\\\/\",\"url\":\"https:\\\/\\\/wohngenossenschafttamins.ch\\\/wp-content\\\/uploads\\\/2025\\\/11\\\/cropped-2024-09_Logo_gelb_schwarz.png\",\"contentUrl\":\"https:\\\/\\\/wohngenossenschafttamins.ch\\\/wp-content\\\/uploads\\\/2025\\\/11\\\/cropped-2024-09_Logo_gelb_schwarz.png\",\"width\":512,\"height\":512,\"caption\":\"Wohngenossenschaft Tamins\"},\"image\":{\"@id\":\"https:\\\/\\\/wohngenossenschafttamins.ch\\\/#\\\/schema\\\/logo\\\/image\\\/\"}}]}<\/script>\n<!-- \/ Yoast SEO plugin. -->","yoast_head_json":{"title":"\u00dcber uns - Wohngenossenschaft Tamins","robots":{"index":"noindex","follow":"follow","max-snippet":"max-snippet:-1","max-image-preview":"max-image-preview:large","max-video-preview":"max-video-preview:-1"},"og_locale":"de_DE","og_type":"article","og_title":"\u00dcber uns - Wohngenossenschaft Tamins","og_description":"Die Wohngenossenschaft Tamins entsteht aus dem Wunsch nach einem gemeinschaftlichen, nachhaltigen und bezahlbaren Wohnort inmitten der B\u00fcndner Berge. Wir m\u00f6chten einen Ort schaffen, in welchem Menschen Verantwortung teilen und sich gegenseitig unterst\u00fctzen. Unser Projekt ist gemeinn\u00fctzig, nicht profitorientiert und tr\u00e4gt dazu bei, sozialen, bezahlbaren Wohnraum in einer Region zu sichern, die zunehmend von Zweitwohnungen gepr\u00e4gt [&hellip;]","og_url":"https:\/\/wohngenossenschafttamins.ch\/?page_id=219","og_site_name":"Wohngenossenschaft Tamins","article_modified_time":"2025-12-21T12:56:21+00:00","og_image":[{"url":"https:\/\/wohngenossenschafttamins.ch\/wp-content\/uploads\/2025\/11\/IMG_0284-2-scaled.jpg","type":"","width":"","height":""}],"twitter_card":"summary_large_image","twitter_misc":{"Gesch\u00e4tzte Lesezeit":"2\u00a0Minuten"},"schema":{"@context":"https:\/\/schema.org","@graph":[{"@type":"WebPage","@id":"https:\/\/wohngenossenschafttamins.ch\/?page_id=219","url":"https:\/\/wohngenossenschafttamins.ch\/?page_id=219","name":"\u00dcber uns - Wohngenossenschaft Tamins","isPartOf":{"@id":"https:\/\/wohngenossenschafttamins.ch\/#website"},"primaryImageOfPage":{"@id":"https:\/\/wohngenossenschafttamins.ch\/?page_id=219#primaryimage"},"image":{"@id":"https:\/\/wohngenossenschafttamins.ch\/?page_id=219#primaryimage"},"thumbnailUrl":"https:\/\/wohngenossenschafttamins.ch\/wp-content\/uploads\/2025\/11\/IMG_0284-2-scaled.jpg","datePublished":"2025-11-21T16:40:47+00:00","dateModified":"2025-12-21T12:56:21+00:00","breadcrumb":{"@id":"https:\/\/wohngenossenschafttamins.ch\/?page_id=219#breadcrumb"},"inLanguage":"de-CH","potentialAction":[{"@type":"ReadAction","target":["https:\/\/wohngenossenschafttamins.ch\/?page_id=219"]}]},{"@type":"ImageObject","inLanguage":"de-CH","@id":"https:\/\/wohngenossenschafttamins.ch\/?page_id=219#primaryimage","url":"https:\/\/wohngenossenschafttamins.ch\/wp-content\/uploads\/2025\/11\/IMG_0284-2-scaled.jpg","contentUrl":"https:\/\/wohngenossenschafttamins.ch\/wp-content\/uploads\/2025\/11\/IMG_0284-2-scaled.jpg","width":1920,"height":2560},{"@type":"BreadcrumbList","@id":"https:\/\/wohngenossenschafttamins.ch\/?page_id=219#breadcrumb","itemListElement":[{"@type":"ListItem","position":1,"name":"Home","item":"https:\/\/wohngenossenschafttamins.ch\/"},{"@type":"ListItem","position":2,"name":"\u00dcber uns"}]},{"@type":"WebSite","@id":"https:\/\/wohngenossenschafttamins.ch\/#website","url":"https:\/\/wohngenossenschafttamins.ch\/","name":"Wohngenossenschaft Tamins","description":"Gemeinschaftliches Wohnprojekt im Herzen Graub\u00fcndens","publisher":{"@id":"https:\/\/wohngenossenschafttamins.ch\/#organization"},"potentialAction":[{"@type":"SearchAction","target":{"@type":"EntryPoint","urlTemplate":"https:\/\/wohngenossenschafttamins.ch\/?s={search_term_string}"},"query-input":{"@type":"PropertyValueSpecification","valueRequired":true,"valueName":"search_term_string"}}],"inLanguage":"de-CH"},{"@type":"Organization","@id":"https:\/\/wohngenossenschafttamins.ch\/#organization","name":"Wohngenossenschaft Tamins","url":"https:\/\/wohngenossenschafttamins.ch\/","logo":{"@type":"ImageObject","inLanguage":"de-CH","@id":"https:\/\/wohngenossenschafttamins.ch\/#\/schema\/logo\/image\/","url":"https:\/\/wohngenossenschafttamins.ch\/wp-content\/uploads\/2025\/11\/cropped-2024-09_Logo_gelb_schwarz.png","contentUrl":"https:\/\/wohngenossenschafttamins.ch\/wp-content\/uploads\/2025\/11\/cropped-2024-09_Logo_gelb_schwarz.png","width":512,"height":512,"caption":"Wohngenossenschaft Tamins"},"image":{"@id":"https:\/\/wohngenossenschafttamins.ch\/#\/schema\/logo\/image\/"}}]}},"_links":{"self":[{"href":"https:\/\/wohngenossenschafttamins.ch\/index.php?rest_route=\/wp\/v2\/pages\/219","targetHints":{"allow":["GET"]}}],"collection":[{"href":"https:\/\/wohngenossenschafttamins.ch\/index.php?rest_route=\/wp\/v2\/pages"}],"about":[{"href":"https:\/\/wohngenossenschafttamins.ch\/index.php?rest_route=\/wp\/v2\/types\/page"}],"author":[{"embeddable":true,"href":"https:\/\/wohngenossenschafttamins.ch\/index.php?rest_route=\/wp\/v2\/users\/1"}],"replies":[{"embeddable":true,"href":"https:\/\/wohngenossenschafttamins.ch\/index.php?rest_route=%2Fwp%2Fv2%2Fcomments&post=219"}],"version-history":[{"count":5,"href":"https:\/\/wohngenossenschafttamins.ch\/index.php?rest_route=\/wp\/v2\/pages\/219\/revisions"}],"predecessor-version":[{"id":377,"href":"https:\/\/wohngenossenschafttamins.ch\/index.php?rest_route=\/wp\/v2\/pages\/219\/revisions\/377"}],"wp:attachment":[{"href":"https:\/\/wohngenossenschafttamins.ch\/index.php?rest_route=%2Fwp%2Fv2%2Fmedia&parent=219"}],"curies":[{"name":"wp","href":"https:\/\/api.w.org\/{rel}","templated":true}]}}

Über uns

<p class="wp-block-paragraph">Die Wohngenossenschaft Tamins entsteht aus dem Wunsch nach einem gemeinschaftlichen, nachhaltigen und bezahlbaren Wohnort inmitten der Bündner Berge. Wir möchten einen Ort schaffen, in welchem Menschen Verantwortung teilen und sich gegenseitig unterstützen. Unser Projekt ist gemeinnützig, nicht profitorientiert und trägt dazu bei, sozialen, bezahlbaren Wohnraum in einer Region zu sichern, die zunehmend von Zweitwohnungen geprägt ist.</p>



<figure class="wp-block-image size-full"><img loading="lazy" decoding="async" width="1920" height="2560" src="https://wohngenossenschafttamins.ch/wp-content/uploads/2025/11/IMG_0284-2-scaled.jpg" alt="" class="wp-image-264" srcset="https://wohngenossenschafttamins.ch/wp-content/uploads/2025/11/IMG_0284-2-scaled.jpg 1920w, https://wohngenossenschafttamins.ch/wp-content/uploads/2025/11/IMG_0284-2-225x300.jpg 225w" sizes="auto, (max-width: 1920px) 100vw, 1920px" /></figure>



<p class="wp-block-paragraph">2024 haben wir zu siebt die Genossenschaft gegründet und im Anschluss die Liegenschaft an der Obergasse erworben. Diese sieben Personen bilden den aktuellen Vorstand und die Kerngruppe des Projektes. Sie besteht aus Menschen mit unterschiedlichen Hintergründen – von Sozialer Arbeit über Tourismus und Raumplanung bis hin zu Handwerk und Sport. Uns verbindet die Freude am Miteinander, die Leidenschaft für die Bergwelt und der Wunsch, einen Beitrag für Tamins und die Region zu leisten.<br>Die Wohngenossenschaft wird von einer breiten Gemeinschaft von aktuell über 20 Genossenschaftsmitgliedern und Unterstützer*innen mitgetragen. Ohne diese könnte dieses Projekt nicht existieren.</p>



<p class="wp-block-paragraph"></p>

<p>Die Wohngenossenschaft Tamins entsteht aus dem Wunsch nach einem gemeinschaftlichen, nachhaltigen und bezahlbaren Wohnort inmitten der Bündner Berge. Wir möchten einen Ort schaffen, in welchem Menschen Verantwortung teilen und sich gegenseitig unterstützen. Unser Projekt ist gemeinnützig, nicht profitorientiert und trägt dazu bei, sozialen, bezahlbaren Wohnraum in einer Region zu sichern, die zunehmend von Zweitwohnungen geprägt [&hellip;]</p>

<!-- This site is optimized with the Yoast SEO plugin v28.4 - https://yoast.com/product/yoast-seo-wordpress/ -->
<title>Über uns - Wohngenossenschaft Tamins</title>
<meta name="robots" content="noindex, follow, max-snippet:-1, max-image-preview:large, max-video-preview:-1" />
<meta property="og:locale" content="de_DE" />
<meta property="og:type" content="article" />
<meta property="og:title" content="Über uns - Wohngenossenschaft Tamins" />
<meta property="og:description" content="Die Wohngenossenschaft Tamins entsteht aus dem Wunsch nach einem gemeinschaftlichen, nachhaltigen und bezahlbaren Wohnort inmitten der Bündner Berge. Wir möchten einen Ort schaffen, in welchem Menschen Verantwortung teilen und sich gegenseitig unterstützen. Unser Projekt ist gemeinnützig, nicht profitorientiert und trägt dazu bei, sozialen, bezahlbaren Wohnraum in einer Region zu sichern, die zunehmend von Zweitwohnungen geprägt [&hellip;]" />
<meta property="og:url" content="https://wohngenossenschafttamins.ch/?page_id=219" />
<meta property="og:site_name" content="Wohngenossenschaft Tamins" />
<meta property="article:modified_time" content="2025-12-21T12:56:21+00:00" />
<meta property="og:image" content="https://wohngenossenschafttamins.ch/wp-content/uploads/2025/11/IMG_0284-2-scaled.jpg" />
<meta name="twitter:card" content="summary_large_image" />
<meta name="twitter:label1" content="Geschätzte Lesezeit" />
	<meta name="twitter:data1" content="2 Minuten" />
<script type="application/ld+json" class="yoast-schema-graph">{"@context":"https:\/\/schema.org","@graph":[{"@type":"WebPage","@id":"https:\/\/wohngenossenschafttamins.ch\/?page_id=219","url":"https:\/\/wohngenossenschafttamins.ch\/?page_id=219","name":"Über uns - Wohngenossenschaft Tamins","isPartOf":{"@id":"https:\/\/wohngenossenschafttamins.ch\/#website"},"primaryImageOfPage":{"@id":"https:\/\/wohngenossenschafttamins.ch\/?page_id=219#primaryimage"},"image":{"@id":"https:\/\/wohngenossenschafttamins.ch\/?page_id=219#primaryimage"},"thumbnailUrl":"https:\/\/wohngenossenschafttamins.ch\/wp-content\/uploads\/2025\/11\/IMG_0284-2-scaled.jpg","datePublished":"2025-11-21T16:40:47+00:00","dateModified":"2025-12-21T12:56:21+00:00","breadcrumb":{"@id":"https:\/\/wohngenossenschafttamins.ch\/?page_id=219#breadcrumb"},"inLanguage":"de-CH","potentialAction":[{"@type":"ReadAction","target":["https:\/\/wohngenossenschafttamins.ch\/?page_id=219"]}]},{"@type":"ImageObject","inLanguage":"de-CH","@id":"https:\/\/wohngenossenschafttamins.ch\/?page_id=219#primaryimage","url":"https:\/\/wohngenossenschafttamins.ch\/wp-content\/uploads\/2025\/11\/IMG_0284-2-scaled.jpg","contentUrl":"https:\/\/wohngenossenschafttamins.ch\/wp-content\/uploads\/2025\/11\/IMG_0284-2-scaled.jpg","width":1920,"height":2560},{"@type":"BreadcrumbList","@id":"https:\/\/wohngenossenschafttamins.ch\/?page_id=219#breadcrumb","itemListElement":[{"@type":"ListItem","position":1,"name":"Home","item":"https:\/\/wohngenossenschafttamins.ch\/"},{"@type":"ListItem","position":2,"name":"Über uns"}]},{"@type":"WebSite","@id":"https:\/\/wohngenossenschafttamins.ch\/#website","url":"https:\/\/wohngenossenschafttamins.ch\/","name":"Wohngenossenschaft Tamins","description":"Gemeinschaftliches Wohnprojekt im Herzen Graubündens","publisher":{"@id":"https:\/\/wohngenossenschafttamins.ch\/#organization"},"potentialAction":[{"@type":"SearchAction","target":{"@type":"EntryPoint","urlTemplate":"https:\/\/wohngenossenschafttamins.ch\/?s={search_term_string}"},"query-input":{"@type":"PropertyValueSpecification","valueRequired":true,"valueName":"search_term_string"}}],"inLanguage":"de-CH"},{"@type":"Organization","@id":"https:\/\/wohngenossenschafttamins.ch\/#organization","name":"Wohngenossenschaft Tamins","url":"https:\/\/wohngenossenschafttamins.ch\/","logo":{"@type":"ImageObject","inLanguage":"de-CH","@id":"https:\/\/wohngenossenschafttamins.ch\/#\/schema\/logo\/image\/","url":"https:\/\/wohngenossenschafttamins.ch\/wp-content\/uploads\/2025\/11\/cropped-2024-09_Logo_gelb_schwarz.png","contentUrl":"https:\/\/wohngenossenschafttamins.ch\/wp-content\/uploads\/2025\/11\/cropped-2024-09_Logo_gelb_schwarz.png","width":512,"height":512,"caption":"Wohngenossenschaft Tamins"},"image":{"@id":"https:\/\/wohngenossenschafttamins.ch\/#\/schema\/logo\/image\/"}}]}</script>
<!-- / Yoast SEO plugin. -->

Über uns - Wohngenossenschaft Tamins

Die Wohngenossenschaft Tamins entsteht aus dem Wunsch nach einem gemeinschaftlichen, nachhaltigen und bezahlbaren Wohnort inmitten der Bündner Berge. Wir möchten einen Ort schaffen, in welchem Menschen Verantwortung teilen und sich gegenseitig unterstützen. Unser Projekt ist gemeinnützig, nicht profitorientiert und trägt dazu bei, sozialen, bezahlbaren Wohnraum in einer Region zu sichern, die zunehmend von Zweitwohnungen geprägt [&hellip;]

Gemeinschaftliches Wohnprojekt im Herzen Graubündens
