{"id":17,"date":"2025-08-06T15:38:37","date_gmt":"2025-08-06T15:38:37","guid":{"rendered":"https:\/\/wohngenossenschafttamins.ch\/wordpress\/?page_id=17"},"modified":"2025-12-21T12:35:59","modified_gmt":"2025-12-21T12:35:59","slug":"projekte","status":"publish","type":"page","link":"https:\/\/wohngenossenschafttamins.ch\/?page_id=17","title":{"rendered":"Das Projekt"},"content":{"rendered":"\n<div class=\"wp-block-group alignfull has-global-padding is-layout-constrained wp-container-core-group-is-layout-75f56b9d wp-block-group-is-layout-constrained\" style=\"min-height:0vh;margin-top:0;margin-bottom:0;padding-top:var(--wp--preset--spacing--70);padding-right:var(--wp--preset--spacing--40);padding-bottom:var(--wp--preset--spacing--70);padding-left:var(--wp--preset--spacing--40)\">\n<h2 class=\"wp-block-heading\">Ein gemeinschaftliches Zuhause in Tamins<\/h2>\n\n\n\n<div class=\"wp-block-group has-global-padding is-layout-constrained wp-container-core-group-is-layout-f15145cb wp-block-group-is-layout-constrained\">\n<p class=\"wp-block-paragraph\">Die Liegenschaft der Wohngenossenschaft Tamins besteht aus einem Haupthaus mit einer kleinen 3.5 Zimmerwohnung mit direkt angebundenem Stall an der Obergasse 15 sowie einem weiteren Stall mit grossem Garten an der Obergasse 13.<\/p>\n\n\n\n<figure class=\"wp-block-image size-full\"><img loading=\"lazy\" decoding=\"async\" width=\"886\" height=\"622\" src=\"https:\/\/wohngenossenschafttamins.ch\/wp-content\/uploads\/2025\/12\/Screenshot-2025-12-21-104757.png\" alt=\"\" class=\"wp-image-359\" srcset=\"https:\/\/wohngenossenschafttamins.ch\/wp-content\/uploads\/2025\/12\/Screenshot-2025-12-21-104757.png 886w, https:\/\/wohngenossenschafttamins.ch\/wp-content\/uploads\/2025\/12\/Screenshot-2025-12-21-104757-300x211.png 300w, https:\/\/wohngenossenschafttamins.ch\/wp-content\/uploads\/2025\/12\/Screenshot-2025-12-21-104757-768x539.png 768w\" sizes=\"auto, (max-width: 886px) 100vw, 886px\" \/><\/figure>\n\n\n\n<p class=\"has-text-align-left wp-block-paragraph\">Die Wohnung wird aktuell vermietet an eine kleine Wohngemeinschaft, welche die Liegenschaft bereits jetzt belebt. F\u00fcr die Weiterentwicklung des Grundst\u00fcckes sind unterschiedliche Abkl\u00e4rungen im Gange. Einerseits befinden wir uns in einem Planungsprozess, wie wir das sanierungsbed\u00fcrftigte Dach der Obergasse 15 renovieren sowie den Dachstock zu Wohnraum ausbauen k\u00f6nnen. Anderseits entstanden im letzten Jahr erste Pl\u00e4ne zum Ausbau des Stalles an der Obergasse 13. Diese Pl\u00e4ne befinden sich aktuell in der Ausarbeitung.<\/p>\n\n\n\n<figure class=\"wp-block-image size-full\"><img loading=\"lazy\" decoding=\"async\" width=\"954\" height=\"642\" src=\"https:\/\/wohngenossenschafttamins.ch\/wp-content\/uploads\/2025\/12\/grafik.png\" alt=\"\" class=\"wp-image-365\" srcset=\"https:\/\/wohngenossenschafttamins.ch\/wp-content\/uploads\/2025\/12\/grafik.png 954w, https:\/\/wohngenossenschafttamins.ch\/wp-content\/uploads\/2025\/12\/grafik-300x202.png 300w, https:\/\/wohngenossenschafttamins.ch\/wp-content\/uploads\/2025\/12\/grafik-768x517.png 768w\" sizes=\"auto, (max-width: 954px) 100vw, 954px\" \/><\/figure>\n<\/div>\n<\/div>\n","protected":false},"excerpt":{"rendered":"<p>Ein gemeinschaftliches Zuhause in Tamins Die Liegenschaft der Wohngenossenschaft Tamins besteht aus einem Haupthaus mit einer kleinen 3.5 Zimmerwohnung mit direkt angebundenem Stall an der Obergasse 15 sowie einem weiteren Stall mit grossem Garten an der Obergasse 13. Die Wohnung wird aktuell vermietet an eine kleine Wohngemeinschaft, welche die Liegenschaft bereits jetzt belebt. F\u00fcr die [&hellip;]<\/p>\n","protected":false},"author":1,"featured_media":0,"parent":0,"menu_order":0,"comment_status":"closed","ping_status":"closed","template":"","meta":{"footnotes":""},"class_list":["post-17","page","type-page","status-publish","hentry"],"yoast_head":"<!-- This site is optimized with the Yoast SEO plugin v28.4 - https:\/\/yoast.com\/product\/yoast-seo-wordpress\/ -->\n<title>Das Projekt - Wohngenossenschaft Tamins<\/title>\n<meta name=\"robots\" content=\"noindex, follow, max-snippet:-1, max-image-preview:large, max-video-preview:-1\" \/>\n<meta property=\"og:locale\" content=\"de_DE\" \/>\n<meta property=\"og:type\" content=\"article\" \/>\n<meta property=\"og:title\" content=\"Das Projekt - Wohngenossenschaft Tamins\" \/>\n<meta property=\"og:description\" content=\"Ein gemeinschaftliches Zuhause in Tamins Die Liegenschaft der Wohngenossenschaft Tamins besteht aus einem Haupthaus mit einer kleinen 3.5 Zimmerwohnung mit direkt angebundenem Stall an der Obergasse 15 sowie einem weiteren Stall mit grossem Garten an der Obergasse 13. Die Wohnung wird aktuell vermietet an eine kleine Wohngemeinschaft, welche die Liegenschaft bereits jetzt belebt. F\u00fcr die [&hellip;]\" \/>\n<meta property=\"og:url\" content=\"https:\/\/wohngenossenschafttamins.ch\/?page_id=17\" \/>\n<meta property=\"og:site_name\" content=\"Wohngenossenschaft Tamins\" \/>\n<meta property=\"article:modified_time\" content=\"2025-12-21T12:35:59+00:00\" \/>\n<meta property=\"og:image\" content=\"https:\/\/wohngenossenschafttamins.ch\/wp-content\/uploads\/2025\/12\/Screenshot-2025-12-21-104757.png\" \/>\n<meta name=\"twitter:card\" content=\"summary_large_image\" \/>\n<meta name=\"twitter:label1\" content=\"Gesch\u00e4tzte Lesezeit\" \/>\n\t<meta name=\"twitter:data1\" content=\"2\u00a0Minuten\" \/>\n<script type=\"application\/ld+json\" class=\"yoast-schema-graph\">{\"@context\":\"https:\\\/\\\/schema.org\",\"@graph\":[{\"@type\":\"WebPage\",\"@id\":\"https:\\\/\\\/wohngenossenschafttamins.ch\\\/?page_id=17\",\"url\":\"https:\\\/\\\/wohngenossenschafttamins.ch\\\/?page_id=17\",\"name\":\"Das Projekt - Wohngenossenschaft Tamins\",\"isPartOf\":{\"@id\":\"https:\\\/\\\/wohngenossenschafttamins.ch\\\/#website\"},\"primaryImageOfPage\":{\"@id\":\"https:\\\/\\\/wohngenossenschafttamins.ch\\\/?page_id=17#primaryimage\"},\"image\":{\"@id\":\"https:\\\/\\\/wohngenossenschafttamins.ch\\\/?page_id=17#primaryimage\"},\"thumbnailUrl\":\"https:\\\/\\\/wohngenossenschafttamins.ch\\\/wp-content\\\/uploads\\\/2025\\\/12\\\/Screenshot-2025-12-21-104757.png\",\"datePublished\":\"2025-08-06T15:38:37+00:00\",\"dateModified\":\"2025-12-21T12:35:59+00:00\",\"breadcrumb\":{\"@id\":\"https:\\\/\\\/wohngenossenschafttamins.ch\\\/?page_id=17#breadcrumb\"},\"inLanguage\":\"de-CH\",\"potentialAction\":[{\"@type\":\"ReadAction\",\"target\":[\"https:\\\/\\\/wohngenossenschafttamins.ch\\\/?page_id=17\"]}]},{\"@type\":\"ImageObject\",\"inLanguage\":\"de-CH\",\"@id\":\"https:\\\/\\\/wohngenossenschafttamins.ch\\\/?page_id=17#primaryimage\",\"url\":\"https:\\\/\\\/wohngenossenschafttamins.ch\\\/wp-content\\\/uploads\\\/2025\\\/12\\\/Screenshot-2025-12-21-104757.png\",\"contentUrl\":\"https:\\\/\\\/wohngenossenschafttamins.ch\\\/wp-content\\\/uploads\\\/2025\\\/12\\\/Screenshot-2025-12-21-104757.png\",\"width\":886,\"height\":622},{\"@type\":\"BreadcrumbList\",\"@id\":\"https:\\\/\\\/wohngenossenschafttamins.ch\\\/?page_id=17#breadcrumb\",\"itemListElement\":[{\"@type\":\"ListItem\",\"position\":1,\"name\":\"Home\",\"item\":\"https:\\\/\\\/wohngenossenschafttamins.ch\\\/\"},{\"@type\":\"ListItem\",\"position\":2,\"name\":\"Das Projekt\"}]},{\"@type\":\"WebSite\",\"@id\":\"https:\\\/\\\/wohngenossenschafttamins.ch\\\/#website\",\"url\":\"https:\\\/\\\/wohngenossenschafttamins.ch\\\/\",\"name\":\"Wohngenossenschaft Tamins\",\"description\":\"Gemeinschaftliches Wohnprojekt im Herzen Graub\u00fcndens\",\"publisher\":{\"@id\":\"https:\\\/\\\/wohngenossenschafttamins.ch\\\/#organization\"},\"potentialAction\":[{\"@type\":\"SearchAction\",\"target\":{\"@type\":\"EntryPoint\",\"urlTemplate\":\"https:\\\/\\\/wohngenossenschafttamins.ch\\\/?s={search_term_string}\"},\"query-input\":{\"@type\":\"PropertyValueSpecification\",\"valueRequired\":true,\"valueName\":\"search_term_string\"}}],\"inLanguage\":\"de-CH\"},{\"@type\":\"Organization\",\"@id\":\"https:\\\/\\\/wohngenossenschafttamins.ch\\\/#organization\",\"name\":\"Wohngenossenschaft Tamins\",\"url\":\"https:\\\/\\\/wohngenossenschafttamins.ch\\\/\",\"logo\":{\"@type\":\"ImageObject\",\"inLanguage\":\"de-CH\",\"@id\":\"https:\\\/\\\/wohngenossenschafttamins.ch\\\/#\\\/schema\\\/logo\\\/image\\\/\",\"url\":\"https:\\\/\\\/wohngenossenschafttamins.ch\\\/wp-content\\\/uploads\\\/2025\\\/11\\\/cropped-2024-09_Logo_gelb_schwarz.png\",\"contentUrl\":\"https:\\\/\\\/wohngenossenschafttamins.ch\\\/wp-content\\\/uploads\\\/2025\\\/11\\\/cropped-2024-09_Logo_gelb_schwarz.png\",\"width\":512,\"height\":512,\"caption\":\"Wohngenossenschaft Tamins\"},\"image\":{\"@id\":\"https:\\\/\\\/wohngenossenschafttamins.ch\\\/#\\\/schema\\\/logo\\\/image\\\/\"}}]}<\/script>\n<!-- \/ Yoast SEO plugin. -->","yoast_head_json":{"title":"Das Projekt - Wohngenossenschaft Tamins","robots":{"index":"noindex","follow":"follow","max-snippet":"max-snippet:-1","max-image-preview":"max-image-preview:large","max-video-preview":"max-video-preview:-1"},"og_locale":"de_DE","og_type":"article","og_title":"Das Projekt - Wohngenossenschaft Tamins","og_description":"Ein gemeinschaftliches Zuhause in Tamins Die Liegenschaft der Wohngenossenschaft Tamins besteht aus einem Haupthaus mit einer kleinen 3.5 Zimmerwohnung mit direkt angebundenem Stall an der Obergasse 15 sowie einem weiteren Stall mit grossem Garten an der Obergasse 13. Die Wohnung wird aktuell vermietet an eine kleine Wohngemeinschaft, welche die Liegenschaft bereits jetzt belebt. F\u00fcr die [&hellip;]","og_url":"https:\/\/wohngenossenschafttamins.ch\/?page_id=17","og_site_name":"Wohngenossenschaft Tamins","article_modified_time":"2025-12-21T12:35:59+00:00","og_image":[{"url":"https:\/\/wohngenossenschafttamins.ch\/wp-content\/uploads\/2025\/12\/Screenshot-2025-12-21-104757.png","type":"","width":"","height":""}],"twitter_card":"summary_large_image","twitter_misc":{"Gesch\u00e4tzte Lesezeit":"2\u00a0Minuten"},"schema":{"@context":"https:\/\/schema.org","@graph":[{"@type":"WebPage","@id":"https:\/\/wohngenossenschafttamins.ch\/?page_id=17","url":"https:\/\/wohngenossenschafttamins.ch\/?page_id=17","name":"Das Projekt - Wohngenossenschaft Tamins","isPartOf":{"@id":"https:\/\/wohngenossenschafttamins.ch\/#website"},"primaryImageOfPage":{"@id":"https:\/\/wohngenossenschafttamins.ch\/?page_id=17#primaryimage"},"image":{"@id":"https:\/\/wohngenossenschafttamins.ch\/?page_id=17#primaryimage"},"thumbnailUrl":"https:\/\/wohngenossenschafttamins.ch\/wp-content\/uploads\/2025\/12\/Screenshot-2025-12-21-104757.png","datePublished":"2025-08-06T15:38:37+00:00","dateModified":"2025-12-21T12:35:59+00:00","breadcrumb":{"@id":"https:\/\/wohngenossenschafttamins.ch\/?page_id=17#breadcrumb"},"inLanguage":"de-CH","potentialAction":[{"@type":"ReadAction","target":["https:\/\/wohngenossenschafttamins.ch\/?page_id=17"]}]},{"@type":"ImageObject","inLanguage":"de-CH","@id":"https:\/\/wohngenossenschafttamins.ch\/?page_id=17#primaryimage","url":"https:\/\/wohngenossenschafttamins.ch\/wp-content\/uploads\/2025\/12\/Screenshot-2025-12-21-104757.png","contentUrl":"https:\/\/wohngenossenschafttamins.ch\/wp-content\/uploads\/2025\/12\/Screenshot-2025-12-21-104757.png","width":886,"height":622},{"@type":"BreadcrumbList","@id":"https:\/\/wohngenossenschafttamins.ch\/?page_id=17#breadcrumb","itemListElement":[{"@type":"ListItem","position":1,"name":"Home","item":"https:\/\/wohngenossenschafttamins.ch\/"},{"@type":"ListItem","position":2,"name":"Das Projekt"}]},{"@type":"WebSite","@id":"https:\/\/wohngenossenschafttamins.ch\/#website","url":"https:\/\/wohngenossenschafttamins.ch\/","name":"Wohngenossenschaft Tamins","description":"Gemeinschaftliches Wohnprojekt im Herzen Graub\u00fcndens","publisher":{"@id":"https:\/\/wohngenossenschafttamins.ch\/#organization"},"potentialAction":[{"@type":"SearchAction","target":{"@type":"EntryPoint","urlTemplate":"https:\/\/wohngenossenschafttamins.ch\/?s={search_term_string}"},"query-input":{"@type":"PropertyValueSpecification","valueRequired":true,"valueName":"search_term_string"}}],"inLanguage":"de-CH"},{"@type":"Organization","@id":"https:\/\/wohngenossenschafttamins.ch\/#organization","name":"Wohngenossenschaft Tamins","url":"https:\/\/wohngenossenschafttamins.ch\/","logo":{"@type":"ImageObject","inLanguage":"de-CH","@id":"https:\/\/wohngenossenschafttamins.ch\/#\/schema\/logo\/image\/","url":"https:\/\/wohngenossenschafttamins.ch\/wp-content\/uploads\/2025\/11\/cropped-2024-09_Logo_gelb_schwarz.png","contentUrl":"https:\/\/wohngenossenschafttamins.ch\/wp-content\/uploads\/2025\/11\/cropped-2024-09_Logo_gelb_schwarz.png","width":512,"height":512,"caption":"Wohngenossenschaft Tamins"},"image":{"@id":"https:\/\/wohngenossenschafttamins.ch\/#\/schema\/logo\/image\/"}}]}},"_links":{"self":[{"href":"https:\/\/wohngenossenschafttamins.ch\/index.php?rest_route=\/wp\/v2\/pages\/17","targetHints":{"allow":["GET"]}}],"collection":[{"href":"https:\/\/wohngenossenschafttamins.ch\/index.php?rest_route=\/wp\/v2\/pages"}],"about":[{"href":"https:\/\/wohngenossenschafttamins.ch\/index.php?rest_route=\/wp\/v2\/types\/page"}],"author":[{"embeddable":true,"href":"https:\/\/wohngenossenschafttamins.ch\/index.php?rest_route=\/wp\/v2\/users\/1"}],"replies":[{"embeddable":true,"href":"https:\/\/wohngenossenschafttamins.ch\/index.php?rest_route=%2Fwp%2Fv2%2Fcomments&post=17"}],"version-history":[{"count":8,"href":"https:\/\/wohngenossenschafttamins.ch\/index.php?rest_route=\/wp\/v2\/pages\/17\/revisions"}],"predecessor-version":[{"id":367,"href":"https:\/\/wohngenossenschafttamins.ch\/index.php?rest_route=\/wp\/v2\/pages\/17\/revisions\/367"}],"wp:attachment":[{"href":"https:\/\/wohngenossenschafttamins.ch\/index.php?rest_route=%2Fwp%2Fv2%2Fmedia&parent=17"}],"curies":[{"name":"wp","href":"https:\/\/api.w.org\/{rel}","templated":true}]}}

<div class="wp-block-group alignfull has-global-padding is-layout-constrained wp-container-core-group-is-layout-75f56b9d wp-block-group-is-layout-constrained" style="min-height:0vh;margin-top:0;margin-bottom:0;padding-top:var(--wp--preset--spacing--70);padding-right:var(--wp--preset--spacing--40);padding-bottom:var(--wp--preset--spacing--70);padding-left:var(--wp--preset--spacing--40)">
<h2 class="wp-block-heading">Ein gemeinschaftliches Zuhause in Tamins</h2>



<div class="wp-block-group has-global-padding is-layout-constrained wp-container-core-group-is-layout-f15145cb wp-block-group-is-layout-constrained">
<p class="wp-block-paragraph">Die Liegenschaft der Wohngenossenschaft Tamins besteht aus einem Haupthaus mit einer kleinen 3.5 Zimmerwohnung mit direkt angebundenem Stall an der Obergasse 15 sowie einem weiteren Stall mit grossem Garten an der Obergasse 13.</p>



<figure class="wp-block-image size-full"><img loading="lazy" decoding="async" width="886" height="622" src="https://wohngenossenschafttamins.ch/wp-content/uploads/2025/12/Screenshot-2025-12-21-104757.png" alt="" class="wp-image-359" srcset="https://wohngenossenschafttamins.ch/wp-content/uploads/2025/12/Screenshot-2025-12-21-104757.png 886w, https://wohngenossenschafttamins.ch/wp-content/uploads/2025/12/Screenshot-2025-12-21-104757-300x211.png 300w, https://wohngenossenschafttamins.ch/wp-content/uploads/2025/12/Screenshot-2025-12-21-104757-768x539.png 768w" sizes="auto, (max-width: 886px) 100vw, 886px" /></figure>



<p class="has-text-align-left wp-block-paragraph">Die Wohnung wird aktuell vermietet an eine kleine Wohngemeinschaft, welche die Liegenschaft bereits jetzt belebt. Für die Weiterentwicklung des Grundstückes sind unterschiedliche Abklärungen im Gange. Einerseits befinden wir uns in einem Planungsprozess, wie wir das sanierungsbedürftigte Dach der Obergasse 15 renovieren sowie den Dachstock zu Wohnraum ausbauen können. Anderseits entstanden im letzten Jahr erste Pläne zum Ausbau des Stalles an der Obergasse 13. Diese Pläne befinden sich aktuell in der Ausarbeitung.</p>



<figure class="wp-block-image size-full"><img loading="lazy" decoding="async" width="954" height="642" src="https://wohngenossenschafttamins.ch/wp-content/uploads/2025/12/grafik.png" alt="" class="wp-image-365" srcset="https://wohngenossenschafttamins.ch/wp-content/uploads/2025/12/grafik.png 954w, https://wohngenossenschafttamins.ch/wp-content/uploads/2025/12/grafik-300x202.png 300w, https://wohngenossenschafttamins.ch/wp-content/uploads/2025/12/grafik-768x517.png 768w" sizes="auto, (max-width: 954px) 100vw, 954px" /></figure>
</div>
</div>

<p>Ein gemeinschaftliches Zuhause in Tamins Die Liegenschaft der Wohngenossenschaft Tamins besteht aus einem Haupthaus mit einer kleinen 3.5 Zimmerwohnung mit direkt angebundenem Stall an der Obergasse 15 sowie einem weiteren Stall mit grossem Garten an der Obergasse 13. Die Wohnung wird aktuell vermietet an eine kleine Wohngemeinschaft, welche die Liegenschaft bereits jetzt belebt. Für die [&hellip;]</p>

<!-- This site is optimized with the Yoast SEO plugin v28.4 - https://yoast.com/product/yoast-seo-wordpress/ -->
<title>Das Projekt - Wohngenossenschaft Tamins</title>
<meta name="robots" content="noindex, follow, max-snippet:-1, max-image-preview:large, max-video-preview:-1" />
<meta property="og:locale" content="de_DE" />
<meta property="og:type" content="article" />
<meta property="og:title" content="Das Projekt - Wohngenossenschaft Tamins" />
<meta property="og:description" content="Ein gemeinschaftliches Zuhause in Tamins Die Liegenschaft der Wohngenossenschaft Tamins besteht aus einem Haupthaus mit einer kleinen 3.5 Zimmerwohnung mit direkt angebundenem Stall an der Obergasse 15 sowie einem weiteren Stall mit grossem Garten an der Obergasse 13. Die Wohnung wird aktuell vermietet an eine kleine Wohngemeinschaft, welche die Liegenschaft bereits jetzt belebt. Für die [&hellip;]" />
<meta property="og:url" content="https://wohngenossenschafttamins.ch/?page_id=17" />
<meta property="og:site_name" content="Wohngenossenschaft Tamins" />
<meta property="article:modified_time" content="2025-12-21T12:35:59+00:00" />
<meta property="og:image" content="https://wohngenossenschafttamins.ch/wp-content/uploads/2025/12/Screenshot-2025-12-21-104757.png" />
<meta name="twitter:card" content="summary_large_image" />
<meta name="twitter:label1" content="Geschätzte Lesezeit" />
	<meta name="twitter:data1" content="2 Minuten" />
<script type="application/ld+json" class="yoast-schema-graph">{"@context":"https:\/\/schema.org","@graph":[{"@type":"WebPage","@id":"https:\/\/wohngenossenschafttamins.ch\/?page_id=17","url":"https:\/\/wohngenossenschafttamins.ch\/?page_id=17","name":"Das Projekt - Wohngenossenschaft Tamins","isPartOf":{"@id":"https:\/\/wohngenossenschafttamins.ch\/#website"},"primaryImageOfPage":{"@id":"https:\/\/wohngenossenschafttamins.ch\/?page_id=17#primaryimage"},"image":{"@id":"https:\/\/wohngenossenschafttamins.ch\/?page_id=17#primaryimage"},"thumbnailUrl":"https:\/\/wohngenossenschafttamins.ch\/wp-content\/uploads\/2025\/12\/Screenshot-2025-12-21-104757.png","datePublished":"2025-08-06T15:38:37+00:00","dateModified":"2025-12-21T12:35:59+00:00","breadcrumb":{"@id":"https:\/\/wohngenossenschafttamins.ch\/?page_id=17#breadcrumb"},"inLanguage":"de-CH","potentialAction":[{"@type":"ReadAction","target":["https:\/\/wohngenossenschafttamins.ch\/?page_id=17"]}]},{"@type":"ImageObject","inLanguage":"de-CH","@id":"https:\/\/wohngenossenschafttamins.ch\/?page_id=17#primaryimage","url":"https:\/\/wohngenossenschafttamins.ch\/wp-content\/uploads\/2025\/12\/Screenshot-2025-12-21-104757.png","contentUrl":"https:\/\/wohngenossenschafttamins.ch\/wp-content\/uploads\/2025\/12\/Screenshot-2025-12-21-104757.png","width":886,"height":622},{"@type":"BreadcrumbList","@id":"https:\/\/wohngenossenschafttamins.ch\/?page_id=17#breadcrumb","itemListElement":[{"@type":"ListItem","position":1,"name":"Home","item":"https:\/\/wohngenossenschafttamins.ch\/"},{"@type":"ListItem","position":2,"name":"Das Projekt"}]},{"@type":"WebSite","@id":"https:\/\/wohngenossenschafttamins.ch\/#website","url":"https:\/\/wohngenossenschafttamins.ch\/","name":"Wohngenossenschaft Tamins","description":"Gemeinschaftliches Wohnprojekt im Herzen Graubündens","publisher":{"@id":"https:\/\/wohngenossenschafttamins.ch\/#organization"},"potentialAction":[{"@type":"SearchAction","target":{"@type":"EntryPoint","urlTemplate":"https:\/\/wohngenossenschafttamins.ch\/?s={search_term_string}"},"query-input":{"@type":"PropertyValueSpecification","valueRequired":true,"valueName":"search_term_string"}}],"inLanguage":"de-CH"},{"@type":"Organization","@id":"https:\/\/wohngenossenschafttamins.ch\/#organization","name":"Wohngenossenschaft Tamins","url":"https:\/\/wohngenossenschafttamins.ch\/","logo":{"@type":"ImageObject","inLanguage":"de-CH","@id":"https:\/\/wohngenossenschafttamins.ch\/#\/schema\/logo\/image\/","url":"https:\/\/wohngenossenschafttamins.ch\/wp-content\/uploads\/2025\/11\/cropped-2024-09_Logo_gelb_schwarz.png","contentUrl":"https:\/\/wohngenossenschafttamins.ch\/wp-content\/uploads\/2025\/11\/cropped-2024-09_Logo_gelb_schwarz.png","width":512,"height":512,"caption":"Wohngenossenschaft Tamins"},"image":{"@id":"https:\/\/wohngenossenschafttamins.ch\/#\/schema\/logo\/image\/"}}]}</script>
<!-- / Yoast SEO plugin. -->

Ein gemeinschaftliches Zuhause in Tamins Die Liegenschaft der Wohngenossenschaft Tamins besteht aus einem Haupthaus mit einer kleinen 3.5 Zimmerwohnung mit direkt angebundenem Stall an der Obergasse 15 sowie einem weiteren Stall mit grossem Garten an der Obergasse 13. Die Wohnung wird aktuell vermietet an eine kleine Wohngemeinschaft, welche die Liegenschaft bereits jetzt belebt. Für die [&hellip;]

Gemeinschaftliches Wohnprojekt im Herzen Graubündens
